Let p be s(10). Let z be (-375)/p + 3/(-4). Calculate the highest common factor of 27 and z.
9
Let g(x) = -x**2 - 4*x - 2. Let f be g(-2). Suppose -12 = 4*d, 2*s - 24 - 9 = -d. Let t be (-4)/s - 152/(-36). Calculate the highest common factor of f and t.
2
Let c(z) = 9*z + 101. Let a be c(-5). Let u(f) = -f**3 - 2*f**2 - f - 4. Let o be u(-3). What is the greatest common factor of a and o?
8
Let z be 12/3*7/7. Suppose 2*j - 35 = 5*q, 3*j = -j + z*q + 100. What is the greatest common factor of j and 10?
10
Let o = -53 + 21. Let c be o/24*30/(-4). Calculate the greatest common divisor of c and 10.
10
Let k be (-5)/(-2*3/6). What is the greatest common divisor of 95 and k?
5
Suppose 0 = -3*a + 5*h + 1 + 6, -a - 4*h + 8 = 0. Suppose -5*t + 5*f = -195 - 265, -3*t - a*f = -248. What is the highest common factor of 16 and t?
8
Let j(a) = -a**3 + 17*a + 280. Let y be j(0). Calculate the greatest common factor of 160 and y.
40
Let f be 2*1585/150 - (-2)/(-15). Suppose -4*d + 3*w + 78 = 0, 0 = -2*d - 3*w + w + 46. What is the highest common factor of d and f?
21
Suppose -84 = 11*g - 9*g. Let q = 66 + g. Let z(l) = -5*l + 6. Let t be z(-6). Calculate the highest common divisor of t and q.
12
Let k = -55 + 30. Let a = 17 - k. Let r(u) = 3*u**2 - 6*u + 4. Let x be r(4). Calculate the highest common divisor of a and x.
14
Let t be (56/(-21))/(1/(-18)). Let i be (-15)/18 - (-788)/24. What is the highest common divisor of i and t?
16
Suppose 144 - 1 = 11*s. Calculate the greatest common factor of s and 351.
13
Suppose u - 105 = 5*v, -2*u + 106 + 140 = 2*v. Let l be (-1 + 14/(-1))/(-1). Calculate the highest common factor of u and l.
15
Let v be ((-24)/48)/(-1 + 5/6). What is the highest common factor of v and 24?
3
Suppose -b - 140 = -341. Suppose 0*y - 3*d - b = -4*y, 0 = -3*y + 5*d + 159. What is the highest common divisor of 24 and y?
24
Let a = -54 - -81. Suppose -2*f = -2*k - 0*f + 206, -5*f = 2*k - 241. Calculate the highest common factor of a and k.
27
Let d be 1 + 118 + (7 - (-4 + 13)). Calculate the highest common factor of 18 and d.
9
Let j be (-2553)/(-21) + -7 + (-225)/(-35). What is the highest common divisor of j and 143?
11
Let m be ((-3570)/8)/((-45)/120). What is the greatest common divisor of 105 and m?
35
Suppose -28 + 288 = 52*n. What is the highest common divisor of n and 405?
5
Suppose -2*a - 2*r + 31 = 3*a, -2*a + 4*r + 22 = 0. Let o = 10 - a. Suppose o*k - 2*k = 18. Calculate the highest common factor of 27 and k.
9
Let m(p) = -4*p + 1. Let j be m(-1). Suppose -9*l - 10 = -46. Suppose -16 = -g + o, l*o - 56 = -4*g - 0*o. What is the greatest common divisor of j and g?
5
Let g be 2*4/24*165. Calculate the highest common divisor of 15 and g.
5
Suppose 4*w = 2*l - 7*l + 36, 0 = 3*w - 3*l - 27. What is the greatest common factor of 117 and w?
9
Suppose 3*j = -6 + 21. Suppose -5*b + 3940 = -5*k, 5*b + j*k - 3748 = 152. Suppose 2*u = -5*u + b. Calculate the greatest common divisor of 16 and u.
16
Suppose 10*k - 66 = -k. Let a be (-2)/4 - (-297)/k. Calculate the highest common divisor of a and 7.
7
Suppose 0*m + 3*m = 2*y - 45, -3*y + 65 = -4*m. Let g = 147 + -87. Suppose -2*h = -3*h + g. What is the greatest common factor of h and y?
15
Suppose 4*u - 2*t = 26, 2*u + 19 = 3*u - 3*t. Suppose -u + 5 = b. Calculate the highest common factor of b and 6.
1
Let n(f) = f**3 - 7*f**2 + 7*f - 4. Let i be n(6). Let v = 1 + -1. Suppose z - i*z + 24 = v. What is the highest common factor of z and 16?
8
Let u = 21 - 24. Let c be u/4 + 27/4. Suppose 2*l - 5*l = -27. What is the highest common factor of l and c?
3
Suppose -3*u - 4 = -u, 32 = l - 2*u. Calculate the greatest common factor of 161 and l.
7
Let d(y) = 30*y**2 - 13*y - 4. Let j be d(6). Let m = j - 548. What is the highest common factor of 50 and m?
50
Let a = 179 + -126. Suppose 9*g - 11*g = -10. Suppose -37 - a = -g*d. What is the greatest common divisor of d and 45?
9
Suppose 0 = 12*o - 31*o + 13680. Suppose -45*r + 35*r = -o. Let b(z) = z**2 + 9. Let w be b(0). Calculate the highest common divisor of r and w.
9
Let s be ((-6)/(-15))/((-16)/(-560)). Calculate the greatest common divisor of s and 56.
14
Suppose -4*u = -10*u + 18. Suppose -3*z + 4*v + 9 = -4, -u*v = 3. Calculate the greatest common divisor of z and 21.
3
Let w = 668 + -653. Calculate the highest common factor of w and 345.
15
Let d be 15*(16/10 + 2). Suppose 3*k - d + 12 = 0. Suppose -5*l - 3*n + 23 = 0, l - 2*n - n = 19. Calculate the greatest common factor of k and l.
7
Let f = 24 - 19. Suppose -84 = -f*h + h. Let p(o) = o - 6. Let g be p(9). Calculate the greatest common factor of g and h.
3
Let q be 5/(8/416*2). Calculate the highest common divisor of q and 26.
26
Suppose -3*c - 4 = y - 36, 0 = -5*y + c + 128. Let l = y + -13. What is the greatest common factor of 13 and l?
13
Let t be 80 - (-1)/((-2)/4). Let q(r) = 4*r**3 + r**2 - r + 1. Let u be q(2). Suppose -u = -d + 4. What is the greatest common divisor of d and t?
39
Suppose 5*o - q = 4601, -o = -q - 22 - 899. Calculate the highest common factor of o and 20.
20
Let s = 60 - 58. Suppose -3*m - s*m + 510 = 0. Calculate the greatest common factor of 34 and m.
34
Suppose 0 = -5*g - 5*v + 135, 29 = g - 0*g - v. Let k be -1*15*(-28)/6. Calculate the highest common factor of k and g.
14
Let v be ((-1570)/65 - -5) + (-6)/(-39). Let g = 37 + v. Calculate the greatest common divisor of 9 and g.
9
Let w(h) = 37*h**2 + 82*h + 16. Let v be w(-4). Calculate the highest common factor of v and 665.
35
Let o(z) = -z**2 - 8*z - 4. Let p be o(-7). Suppose -p*v + 10 = 2*v. Let x be v + (-4 - -2 - -4). What is the highest common factor of x and 12?
4
Suppose 4*h = 214 - 58. Let t be ((-26)/h)/((-1)/15). Suppose 3*w - q = 29 + 2, 0 = 2*q - t. What is the highest common divisor of 4 and w?
4
Let o(n) = 3*n - 3. Let s be o(9). Let k(m) = -27*m**2 - 2. Let r be k(-1). Let d = -23 - r. What is the greatest common factor of d and s?
6
Let g(d) = 3*d**2 + 3*d + 2. Let l be g(-2). Let m = l + -6. Suppose -m*c + 4*c = 3*n + 15, -c + 21 = 3*n. Calculate the highest common factor of c and 3.
3
Let j be 0 + (-2)/(-2) - -20. Suppose -186*i + 191*i - 5*o - 70 = 0, -4*i - 5*o + 119 = 0. Calculate the highest common divisor of j and i.
21
Let r be (14/(-8))/((-28)/7392). Calculate the highest common divisor of 66 and r.
66
Let k = -35 + 10. Let y = k + 40. Let t = 33 + y. What is the highest common divisor of t and 32?
16
Suppose 3*g - 139 = -3*y + 77, 0 = -5*y. Suppose -m + g - 64 = 0. What is the greatest common factor of m and 16?
8
Suppose 42*r - 32*r - 110 = 0. What is the greatest common factor of 253 and r?
11
Let h = 4 + 0. Suppose -h*y + 374 + 214 = 3*m, -y - 3*m = -138. What is the greatest common factor of 50 and y?
50
Suppose -24*i - 973 = -3*z - 20*i, -5*z - 5*i + 1575 = 0. What is the highest common divisor of z and 22?
11
Let j = 12 - 20. Let x be 2/(j/20*-1). Let c = 33 + x. Calculate the highest common factor of c and 19.
19
Suppose 85*t = 2*b + 80*t - 175, -240 = -3*b + 3*t. What is the greatest common factor of 45 and b?
15
Let a = -780 - -787. Calculate the highest common factor of a and 721.
7
Let n(x) = -x + 17. Let f be n(15). Suppose 41 = d + v, f*d - d = -3*v + 51. What is the highest common divisor of 288 and d?
36
Let y = 24 + -12. Let u be 126/27*y/7. Let x be u/56 - 306/(-14). Calculate the highest common divisor of x and 2.
2
Let q(w) be the first derivative of 1/4*w**4 - w**2 - 3 + 3*w - 2/3*w**3. Let p be q(3). Calculate the highest common divisor of 18 and p.
6
Suppose -15 - 57 = 2*h. Let g be (-1808)/h + (-4)/18. What is the greatest common divisor of g and 75?
25
Let u = -5 - -2. Let x be (u/9)/((-3)/117). Calculate the greatest common divisor of 26 and x.
13
Let c be -1 + (7 - (0 - -3)) + 14. Let q = -1 + 3. Suppose i - 4*a = -2*i + 271, q*i + 4*a = 154. What is the greatest common divisor of i and c?
17
Suppose 0 = -2*t + 3*x + 162, 0 = -0*t - 3*t - 4*x + 226. Suppose 4*o = 6*o, -t = -2*k + 4*o. Let z = 57 + -31. Calculate the highest common divisor of z and k.
13
Let l(z) = z**3 + 11*z**2 - 3*z + 3. Let x be l(-7). Suppose 0 = 5*u - 75 - 40. Let s be -4 + -1 + 2 + u. What is the greatest common factor of s and x?
20
Let m = -44306 - -44316. Let t be 12/9 + 4/6. L